{"id":1343,"date":"2018-03-13T06:30:28","date_gmt":"2018-03-13T06:30:28","guid":{"rendered":"http:\/\/wolfinger.at\/daemmen\/?page_id=1343"},"modified":"2026-02-11T14:08:51","modified_gmt":"2026-02-11T12:08:51","slug":"einbau-spezialisten","status":"publish","type":"page","link":"https:\/\/wolfinger.at\/daemmen\/zellulosedaemmung\/einbau-spezialisten\/","title":{"rendered":"Einbau durch Spezialisten"},"content":{"rendered":"\t\t<div data-elementor-type=\"wp-page\" data-elementor-id=\"1343\" class=\"elementor elementor-1343\" data-elementor-post-type=\"page\">\n\t\t\t\t<div class=\"elementor-element elementor-element-4cd1988 e-flex e-con-boxed e-con e-parent\" data-id=\"4cd1988\" data-element_type=\"container\" data-e-type=\"container\">\n\t\t\t\t\t<div class=\"e-con-inner\">\n\t\t\t\t<div class=\"elementor-element elementor-element-3506fc7 elementor-widget elementor-widget-heading\" data-id=\"3506fc7\" data-element_type=\"widget\" data-e-type=\"widget\" data-widget_type=\"heading.default\">\n\t\t\t\t\t<h1 class=\"elementor-heading-title elementor-size-default\">Einbau durch Spezialisten<\/h1>\t\t\t\t<\/div>\n\t\t\t\t\t<\/div>\n\t\t\t\t<\/div>\n\t\t<div class=\"elementor-element elementor-element-886a45c e-flex e-con-boxed e-con e-parent\" data-id=\"886a45c\" data-element_type=\"container\" data-e-type=\"container\">\n\t\t\t\t\t<div class=\"e-con-inner\">\n\t\t<div class=\"elementor-element elementor-element-58054df e-grid e-con-full e-con e-child\" data-id=\"58054df\" data-element_type=\"container\" data-e-type=\"container\">\n\t\t\t\t<div class=\"elementor-element elementor-element-8047c46 elementor-widget elementor-widget-image\" data-id=\"8047c46\" data-element_type=\"widget\" data-e-type=\"widget\" data-widget_type=\"image.default\">\n\t\t\t\t\t\t\t\t\t\t\t\t\t\t\t<img fetchpriority=\"high\" decoding=\"async\" width=\"800\" height=\"582\" src=\"https:\/\/wolfinger.at\/daemmen\/wp-content\/uploads\/2018\/03\/WOLF_Verarbeitung3_Image_930x676px.jpg\" class=\"attachment-large size-large wp-image-1140\" alt=\"\" srcset=\"https:\/\/wolfinger.at\/daemmen\/wp-content\/uploads\/2018\/03\/WOLF_Verarbeitung3_Image_930x676px.jpg 930w, https:\/\/wolfinger.at\/daemmen\/wp-content\/uploads\/2018\/03\/WOLF_Verarbeitung3_Image_930x676px-300x218.jpg 300w, https:\/\/wolfinger.at\/daemmen\/wp-content\/uploads\/2018\/03\/WOLF_Verarbeitung3_Image_930x676px-768x558.jpg 768w, https:\/\/wolfinger.at\/daemmen\/wp-content\/uploads\/2018\/03\/WOLF_Verarbeitung3_Image_930x676px-600x436.jpg 600w\" sizes=\"(max-width: 800px) 100vw, 800px\" \/>\t\t\t\t\t\t\t\t\t\t\t\t\t\t\t<\/div>\n\t\t<div class=\"elementor-element elementor-element-a915c77 e-con-full e-flex e-con e-child\" data-id=\"a915c77\" data-element_type=\"container\" data-e-type=\"container\">\n\t\t\t\t<div class=\"elementor-element elementor-element-7918ef1 elementor-widget elementor-widget-heading\" data-id=\"7918ef1\" data-element_type=\"widget\" data-e-type=\"widget\" data-widget_type=\"heading.default\">\n\t\t\t\t\t<h3 class=\"elementor-heading-title elementor-size-default\">DER EINBAU VON WOLFINGER ZELLULOSED\u00c4MMUNG<\/h3>\t\t\t\t<\/div>\n\t\t\t\t<div class=\"elementor-element elementor-element-498e50e elementor-widget elementor-widget-text-editor\" data-id=\"498e50e\" data-element_type=\"widget\" data-e-type=\"widget\" data-widget_type=\"text-editor.default\">\n\t\t\t\t\t\t\t\t\t<p>erfolgt durch geschultes Fachpersonal mit einem Einblasger\u00e4t. Unsere Spezialisten kennen f\u00fcr jede Einbausituation die richtige L\u00f6sung.<\/p>\t\t\t\t\t\t\t\t<\/div>\n\t\t\t\t<\/div>\n\t\t\t\t<div class=\"elementor-element elementor-element-8c7361d elementor-widget elementor-widget-image\" data-id=\"8c7361d\" data-element_type=\"widget\" data-e-type=\"widget\" data-widget_type=\"image.default\">\n\t\t\t\t\t\t\t\t\t\t\t\t\t\t\t<img decoding=\"async\" width=\"800\" height=\"582\" src=\"https:\/\/wolfinger.at\/daemmen\/wp-content\/uploads\/2018\/03\/WOLF_Verarbeitung1_Image_930x676px.jpg\" class=\"attachment-large size-large wp-image-1138\" alt=\"\" srcset=\"https:\/\/wolfinger.at\/daemmen\/wp-content\/uploads\/2018\/03\/WOLF_Verarbeitung1_Image_930x676px.jpg 930w, https:\/\/wolfinger.at\/daemmen\/wp-content\/uploads\/2018\/03\/WOLF_Verarbeitung1_Image_930x676px-300x218.jpg 300w, https:\/\/wolfinger.at\/daemmen\/wp-content\/uploads\/2018\/03\/WOLF_Verarbeitung1_Image_930x676px-768x558.jpg 768w, https:\/\/wolfinger.at\/daemmen\/wp-content\/uploads\/2018\/03\/WOLF_Verarbeitung1_Image_930x676px-600x436.jpg 600w\" sizes=\"(max-width: 800px) 100vw, 800px\" \/>\t\t\t\t\t\t\t\t\t\t\t\t\t\t\t<\/div>\n\t\t<div class=\"elementor-element elementor-element-ddaefb5 e-con-full e-flex e-con e-child\" data-id=\"ddaefb5\" data-element_type=\"container\" data-e-type=\"container\">\n\t\t\t\t<div class=\"elementor-element elementor-element-ff44f35 elementor-widget elementor-widget-heading\" data-id=\"ff44f35\" data-element_type=\"widget\" data-e-type=\"widget\" data-widget_type=\"heading.default\">\n\t\t\t\t\t<h3 class=\"elementor-heading-title elementor-size-default\">SETZUNGSSICHER UND FORMSTABIL OB<\/h3>\t\t\t\t<\/div>\n\t\t\t\t<div class=\"elementor-element elementor-element-8f97b66 elementor-widget elementor-widget-text-editor\" data-id=\"8f97b66\" data-element_type=\"widget\" data-e-type=\"widget\" data-widget_type=\"text-editor.default\">\n\t\t\t\t\t\t\t\t\t<ul><li>Dachschr\u00e4ge<\/li><li>Zangendecke<\/li><li>Holzst\u00e4nderw\u00e4nde<\/li><\/ul>\t\t\t\t\t\t\t\t<\/div>\n\t\t\t\t<\/div>\n\t\t\t\t<div class=\"elementor-element elementor-element-d19c958 elementor-widget elementor-widget-image\" data-id=\"d19c958\" data-element_type=\"widget\" data-e-type=\"widget\" data-widget_type=\"image.default\">\n\t\t\t\t\t\t\t\t\t\t\t\t\t\t\t<img decoding=\"async\" width=\"500\" height=\"500\" src=\"https:\/\/wolfinger.at\/daemmen\/wp-content\/uploads\/2018\/02\/Spezialist.jpg\" class=\"attachment-large size-large wp-image-982\" alt=\"\" srcset=\"https:\/\/wolfinger.at\/daemmen\/wp-content\/uploads\/2018\/02\/Spezialist.jpg 500w, https:\/\/wolfinger.at\/daemmen\/wp-content\/uploads\/2018\/02\/Spezialist-150x150.jpg 150w, https:\/\/wolfinger.at\/daemmen\/wp-content\/uploads\/2018\/02\/Spezialist-300x300.jpg 300w\" sizes=\"(max-width: 500px) 100vw, 500px\" \/>\t\t\t\t\t\t\t\t\t\t\t\t\t\t\t<\/div>\n\t\t<div class=\"elementor-element elementor-element-51ab397 e-con-full e-flex e-con e-child\" data-id=\"51ab397\" data-element_type=\"container\" data-e-type=\"container\">\n\t\t\t\t<div class=\"elementor-element elementor-element-01bb89f elementor-widget elementor-widget-heading\" data-id=\"01bb89f\" data-element_type=\"widget\" data-e-type=\"widget\" data-widget_type=\"heading.default\">\n\t\t\t\t\t<h3 class=\"elementor-heading-title elementor-size-default\">UNSERE SPEZIALISTEN<\/h3>\t\t\t\t<\/div>\n\t\t\t\t<div class=\"elementor-element elementor-element-fb0d252 elementor-widget elementor-widget-text-editor\" data-id=\"fb0d252\" data-element_type=\"widget\" data-e-type=\"widget\" data-widget_type=\"text-editor.default\">\n\t\t\t\t\t\t\t\t\t<p>w\u00e4hlen die richtige Verdichtung und wir k\u00f6nnen entsprechende Setzungssicherheit gew\u00e4hrleisten. (Siehe\u00a0<a href=\"https:\/\/wolfinger.at\/daemmen\/technische-daten\/\">technische Daten<\/a>)\u00a0\u00a0<\/p>\t\t\t\t\t\t\t\t<\/div>\n\t\t\t\t<\/div>\n\t\t\t\t<div class=\"elementor-element elementor-element-6df9e2c elementor-widget elementor-widget-image\" data-id=\"6df9e2c\" data-element_type=\"widget\" data-e-type=\"widget\" data-widget_type=\"image.default\">\n\t\t\t\t\t\t\t\t\t\t\t\t\t\t\t<img loading=\"lazy\" decoding=\"async\" width=\"800\" height=\"582\" src=\"https:\/\/wolfinger.at\/daemmen\/wp-content\/uploads\/2018\/06\/zellulose_anwendung_3.png\" class=\"attachment-large size-large wp-image-1796\" alt=\"\" srcset=\"https:\/\/wolfinger.at\/daemmen\/wp-content\/uploads\/2018\/06\/zellulose_anwendung_3.png 930w, https:\/\/wolfinger.at\/daemmen\/wp-content\/uploads\/2018\/06\/zellulose_anwendung_3-300x218.png 300w, https:\/\/wolfinger.at\/daemmen\/wp-content\/uploads\/2018\/06\/zellulose_anwendung_3-768x558.png 768w, https:\/\/wolfinger.at\/daemmen\/wp-content\/uploads\/2018\/06\/zellulose_anwendung_3-600x436.png 600w\" sizes=\"(max-width: 800px) 100vw, 800px\" \/>\t\t\t\t\t\t\t\t\t\t\t\t\t\t\t<\/div>\n\t\t<div class=\"elementor-element elementor-element-71cd7ad e-con-full e-flex e-con e-child\" data-id=\"71cd7ad\" data-element_type=\"container\" data-e-type=\"container\">\n\t\t\t\t<div class=\"elementor-element elementor-element-7aed26d elementor-widget elementor-widget-heading\" data-id=\"7aed26d\" data-element_type=\"widget\" data-e-type=\"widget\" data-widget_type=\"heading.default\">\n\t\t\t\t\t<h3 class=\"elementor-heading-title elementor-size-default\">WOLFINGER SCH\u00dcTTFLOCKEN<\/h3>\t\t\t\t<\/div>\n\t\t\t\t<div class=\"elementor-element elementor-element-ef71806 elementor-widget elementor-widget-text-editor\" data-id=\"ef71806\" data-element_type=\"widget\" data-e-type=\"widget\" data-widget_type=\"text-editor.default\">\n\t\t\t\t\t\t\t\t\t<p>zum Selbsteinbau unter dem Fu\u00dfboden zwischen Polsterh\u00f6lzern<\/p>\t\t\t\t\t\t\t\t<\/div>\n\t\t\t\t<\/div>\n\t\t\t\t<\/div>\n\t\t\t\t\t<\/div>\n\t\t\t\t<\/div>\n\t\t\t\t<\/div>\n\t\t","protected":false},"excerpt":{"rendered":"<p>Einbau durch Spezialisten DER EINBAU VON WOLFINGER ZELLULOSED\u00c4MMUNG erfolgt durch geschultes Fachpersonal mit einem Einblasger\u00e4t. Unsere Spezialisten kennen f\u00fcr jede Einbausituation die richtige L\u00f6sung. SETZUNGSSICHER UND FORMSTABIL OB Dachschr\u00e4ge Zangendecke Holzst\u00e4nderw\u00e4nde UNSERE SPEZIALISTEN w\u00e4hlen die richtige Verdichtung und wir k\u00f6nnen entsprechende Setzungssicherheit gew\u00e4hrleisten. (Siehe\u00a0technische Daten)\u00a0\u00a0 WOLFINGER SCH\u00dcTTFLOCKEN zum Selbsteinbau unter dem Fu\u00dfboden zwischen Polsterh\u00f6lzern<\/p>\n","protected":false},"author":5,"featured_media":0,"parent":1165,"menu_order":0,"comment_status":"closed","ping_status":"closed","template":"","meta":{"footnotes":""},"class_list":["post-1343","page","type-page","status-publish","hentry"],"yoast_head":"<!-- This site is optimized with the Yoast SEO plugin v27.5 - https:\/\/yoast.com\/product\/yoast-seo-wordpress\/ -->\n<title>Einbau durch Spezialisten - WOLFINGER<\/title>\n<meta name=\"robots\" content=\"index, follow, max-snippet:-1, max-image-preview:large, max-video-preview:-1\" \/>\n<link rel=\"canonical\" href=\"https:\/\/wolfinger.at\/daemmen\/zellulosedaemmung\/einbau-spezialisten\/\" \/>\n<meta property=\"og:locale\" content=\"de_DE\" \/>\n<meta property=\"og:type\" content=\"article\" \/>\n<meta property=\"og:title\" content=\"Einbau durch Spezialisten - WOLFINGER\" \/>\n<meta property=\"og:description\" content=\"Einbau durch Spezialisten DER EINBAU VON WOLFINGER ZELLULOSED\u00c4MMUNG erfolgt durch geschultes Fachpersonal mit einem Einblasger\u00e4t. Unsere Spezialisten kennen f\u00fcr jede Einbausituation die richtige L\u00f6sung. SETZUNGSSICHER UND FORMSTABIL OB Dachschr\u00e4ge Zangendecke Holzst\u00e4nderw\u00e4nde UNSERE SPEZIALISTEN w\u00e4hlen die richtige Verdichtung und wir k\u00f6nnen entsprechende Setzungssicherheit gew\u00e4hrleisten. (Siehe\u00a0technische Daten)\u00a0\u00a0 WOLFINGER SCH\u00dcTTFLOCKEN zum Selbsteinbau unter dem Fu\u00dfboden zwischen Polsterh\u00f6lzern\" \/>\n<meta property=\"og:url\" content=\"https:\/\/wolfinger.at\/daemmen\/zellulosedaemmung\/einbau-spezialisten\/\" \/>\n<meta property=\"og:site_name\" content=\"WOLFINGER\" \/>\n<meta property=\"article:modified_time\" content=\"2026-02-11T12:08:51+00:00\" \/>\n<meta property=\"og:image\" content=\"https:\/\/wolfinger.at\/daemmen\/wp-content\/uploads\/2018\/03\/WOLF_Verarbeitung3_Image_930x676px.jpg\" \/>\n\t<meta property=\"og:image:width\" content=\"930\" \/>\n\t<meta property=\"og:image:height\" content=\"676\" \/>\n\t<meta property=\"og:image:type\" content=\"image\/jpeg\" \/>\n<meta name=\"twitter:card\" content=\"summary_large_image\" \/>\n<meta name=\"twitter:label1\" content=\"Gesch\u00e4tzte Lesezeit\" \/>\n\t<meta name=\"twitter:data1\" content=\"1\u00a0Minute\" \/>\n<script type=\"application\/ld+json\" class=\"yoast-schema-graph\">{\"@context\":\"https:\\\/\\\/schema.org\",\"@graph\":[{\"@type\":\"WebPage\",\"@id\":\"https:\\\/\\\/wolfinger.at\\\/daemmen\\\/zellulosedaemmung\\\/einbau-spezialisten\\\/\",\"url\":\"https:\\\/\\\/wolfinger.at\\\/daemmen\\\/zellulosedaemmung\\\/einbau-spezialisten\\\/\",\"name\":\"Einbau durch Spezialisten - WOLFINGER\",\"isPartOf\":{\"@id\":\"https:\\\/\\\/wolfinger.at\\\/daemmen\\\/#website\"},\"primaryImageOfPage\":{\"@id\":\"https:\\\/\\\/wolfinger.at\\\/daemmen\\\/zellulosedaemmung\\\/einbau-spezialisten\\\/#primaryimage\"},\"image\":{\"@id\":\"https:\\\/\\\/wolfinger.at\\\/daemmen\\\/zellulosedaemmung\\\/einbau-spezialisten\\\/#primaryimage\"},\"thumbnailUrl\":\"https:\\\/\\\/wolfinger.at\\\/daemmen\\\/wp-content\\\/uploads\\\/2018\\\/03\\\/WOLF_Verarbeitung3_Image_930x676px.jpg\",\"datePublished\":\"2018-03-13T06:30:28+00:00\",\"dateModified\":\"2026-02-11T12:08:51+00:00\",\"breadcrumb\":{\"@id\":\"https:\\\/\\\/wolfinger.at\\\/daemmen\\\/zellulosedaemmung\\\/einbau-spezialisten\\\/#breadcrumb\"},\"inLanguage\":\"de\",\"potentialAction\":[{\"@type\":\"ReadAction\",\"target\":[\"https:\\\/\\\/wolfinger.at\\\/daemmen\\\/zellulosedaemmung\\\/einbau-spezialisten\\\/\"]}]},{\"@type\":\"ImageObject\",\"inLanguage\":\"de\",\"@id\":\"https:\\\/\\\/wolfinger.at\\\/daemmen\\\/zellulosedaemmung\\\/einbau-spezialisten\\\/#primaryimage\",\"url\":\"https:\\\/\\\/wolfinger.at\\\/daemmen\\\/wp-content\\\/uploads\\\/2018\\\/03\\\/WOLF_Verarbeitung3_Image_930x676px.jpg\",\"contentUrl\":\"https:\\\/\\\/wolfinger.at\\\/daemmen\\\/wp-content\\\/uploads\\\/2018\\\/03\\\/WOLF_Verarbeitung3_Image_930x676px.jpg\",\"width\":930,\"height\":676},{\"@type\":\"BreadcrumbList\",\"@id\":\"https:\\\/\\\/wolfinger.at\\\/daemmen\\\/zellulosedaemmung\\\/einbau-spezialisten\\\/#breadcrumb\",\"itemListElement\":[{\"@type\":\"ListItem\",\"position\":1,\"name\":\"Startseite\",\"item\":\"https:\\\/\\\/wolfinger.at\\\/daemmen\\\/\"},{\"@type\":\"ListItem\",\"position\":2,\"name\":\"Zellulosed\u00e4mmung\",\"item\":\"https:\\\/\\\/wolfinger.at\\\/daemmen\\\/zellulosedaemmung\\\/\"},{\"@type\":\"ListItem\",\"position\":3,\"name\":\"Einbau durch Spezialisten\"}]},{\"@type\":\"WebSite\",\"@id\":\"https:\\\/\\\/wolfinger.at\\\/daemmen\\\/#website\",\"url\":\"https:\\\/\\\/wolfinger.at\\\/daemmen\\\/\",\"name\":\"Wolfinger Zellulosed\u00e4mmung\",\"description\":\"Zellulosed\u00e4mmung\",\"publisher\":{\"@id\":\"https:\\\/\\\/wolfinger.at\\\/daemmen\\\/#organization\"},\"potentialAction\":[{\"@type\":\"SearchAction\",\"target\":{\"@type\":\"EntryPoint\",\"urlTemplate\":\"https:\\\/\\\/wolfinger.at\\\/daemmen\\\/?s={search_term_string}\"},\"query-input\":{\"@type\":\"PropertyValueSpecification\",\"valueRequired\":true,\"valueName\":\"search_term_string\"}}],\"inLanguage\":\"de\"},{\"@type\":\"Organization\",\"@id\":\"https:\\\/\\\/wolfinger.at\\\/daemmen\\\/#organization\",\"name\":\"Wolfinger GmbH\",\"url\":\"https:\\\/\\\/wolfinger.at\\\/daemmen\\\/\",\"logo\":{\"@type\":\"ImageObject\",\"inLanguage\":\"de\",\"@id\":\"https:\\\/\\\/wolfinger.at\\\/daemmen\\\/#\\\/schema\\\/logo\\\/image\\\/\",\"url\":\"https:\\\/\\\/wolfinger.at\\\/daemmen\\\/wp-content\\\/uploads\\\/2024\\\/03\\\/wolfinger_fav_144.png\",\"contentUrl\":\"https:\\\/\\\/wolfinger.at\\\/daemmen\\\/wp-content\\\/uploads\\\/2024\\\/03\\\/wolfinger_fav_144.png\",\"width\":1633,\"height\":1632,\"caption\":\"Wolfinger GmbH\"},\"image\":{\"@id\":\"https:\\\/\\\/wolfinger.at\\\/daemmen\\\/#\\\/schema\\\/logo\\\/image\\\/\"}}]}<\/script>\n<!-- \/ Yoast SEO plugin. -->","yoast_head_json":{"title":"Einbau durch Spezialisten - WOLFINGER","robots":{"index":"index","follow":"follow","max-snippet":"max-snippet:-1","max-image-preview":"max-image-preview:large","max-video-preview":"max-video-preview:-1"},"canonical":"https:\/\/wolfinger.at\/daemmen\/zellulosedaemmung\/einbau-spezialisten\/","og_locale":"de_DE","og_type":"article","og_title":"Einbau durch Spezialisten - WOLFINGER","og_description":"Einbau durch Spezialisten DER EINBAU VON WOLFINGER ZELLULOSED\u00c4MMUNG erfolgt durch geschultes Fachpersonal mit einem Einblasger\u00e4t. Unsere Spezialisten kennen f\u00fcr jede Einbausituation die richtige L\u00f6sung. SETZUNGSSICHER UND FORMSTABIL OB Dachschr\u00e4ge Zangendecke Holzst\u00e4nderw\u00e4nde UNSERE SPEZIALISTEN w\u00e4hlen die richtige Verdichtung und wir k\u00f6nnen entsprechende Setzungssicherheit gew\u00e4hrleisten. (Siehe\u00a0technische Daten)\u00a0\u00a0 WOLFINGER SCH\u00dcTTFLOCKEN zum Selbsteinbau unter dem Fu\u00dfboden zwischen Polsterh\u00f6lzern","og_url":"https:\/\/wolfinger.at\/daemmen\/zellulosedaemmung\/einbau-spezialisten\/","og_site_name":"WOLFINGER","article_modified_time":"2026-02-11T12:08:51+00:00","og_image":[{"width":930,"height":676,"url":"https:\/\/wolfinger.at\/daemmen\/wp-content\/uploads\/2018\/03\/WOLF_Verarbeitung3_Image_930x676px.jpg","type":"image\/jpeg"}],"twitter_card":"summary_large_image","twitter_misc":{"Gesch\u00e4tzte Lesezeit":"1\u00a0Minute"},"schema":{"@context":"https:\/\/schema.org","@graph":[{"@type":"WebPage","@id":"https:\/\/wolfinger.at\/daemmen\/zellulosedaemmung\/einbau-spezialisten\/","url":"https:\/\/wolfinger.at\/daemmen\/zellulosedaemmung\/einbau-spezialisten\/","name":"Einbau durch Spezialisten - WOLFINGER","isPartOf":{"@id":"https:\/\/wolfinger.at\/daemmen\/#website"},"primaryImageOfPage":{"@id":"https:\/\/wolfinger.at\/daemmen\/zellulosedaemmung\/einbau-spezialisten\/#primaryimage"},"image":{"@id":"https:\/\/wolfinger.at\/daemmen\/zellulosedaemmung\/einbau-spezialisten\/#primaryimage"},"thumbnailUrl":"https:\/\/wolfinger.at\/daemmen\/wp-content\/uploads\/2018\/03\/WOLF_Verarbeitung3_Image_930x676px.jpg","datePublished":"2018-03-13T06:30:28+00:00","dateModified":"2026-02-11T12:08:51+00:00","breadcrumb":{"@id":"https:\/\/wolfinger.at\/daemmen\/zellulosedaemmung\/einbau-spezialisten\/#breadcrumb"},"inLanguage":"de","potentialAction":[{"@type":"ReadAction","target":["https:\/\/wolfinger.at\/daemmen\/zellulosedaemmung\/einbau-spezialisten\/"]}]},{"@type":"ImageObject","inLanguage":"de","@id":"https:\/\/wolfinger.at\/daemmen\/zellulosedaemmung\/einbau-spezialisten\/#primaryimage","url":"https:\/\/wolfinger.at\/daemmen\/wp-content\/uploads\/2018\/03\/WOLF_Verarbeitung3_Image_930x676px.jpg","contentUrl":"https:\/\/wolfinger.at\/daemmen\/wp-content\/uploads\/2018\/03\/WOLF_Verarbeitung3_Image_930x676px.jpg","width":930,"height":676},{"@type":"BreadcrumbList","@id":"https:\/\/wolfinger.at\/daemmen\/zellulosedaemmung\/einbau-spezialisten\/#breadcrumb","itemListElement":[{"@type":"ListItem","position":1,"name":"Startseite","item":"https:\/\/wolfinger.at\/daemmen\/"},{"@type":"ListItem","position":2,"name":"Zellulosed\u00e4mmung","item":"https:\/\/wolfinger.at\/daemmen\/zellulosedaemmung\/"},{"@type":"ListItem","position":3,"name":"Einbau durch Spezialisten"}]},{"@type":"WebSite","@id":"https:\/\/wolfinger.at\/daemmen\/#website","url":"https:\/\/wolfinger.at\/daemmen\/","name":"Wolfinger Zellulosed\u00e4mmung","description":"Zellulosed\u00e4mmung","publisher":{"@id":"https:\/\/wolfinger.at\/daemmen\/#organization"},"potentialAction":[{"@type":"SearchAction","target":{"@type":"EntryPoint","urlTemplate":"https:\/\/wolfinger.at\/daemmen\/?s={search_term_string}"},"query-input":{"@type":"PropertyValueSpecification","valueRequired":true,"valueName":"search_term_string"}}],"inLanguage":"de"},{"@type":"Organization","@id":"https:\/\/wolfinger.at\/daemmen\/#organization","name":"Wolfinger GmbH","url":"https:\/\/wolfinger.at\/daemmen\/","logo":{"@type":"ImageObject","inLanguage":"de","@id":"https:\/\/wolfinger.at\/daemmen\/#\/schema\/logo\/image\/","url":"https:\/\/wolfinger.at\/daemmen\/wp-content\/uploads\/2024\/03\/wolfinger_fav_144.png","contentUrl":"https:\/\/wolfinger.at\/daemmen\/wp-content\/uploads\/2024\/03\/wolfinger_fav_144.png","width":1633,"height":1632,"caption":"Wolfinger GmbH"},"image":{"@id":"https:\/\/wolfinger.at\/daemmen\/#\/schema\/logo\/image\/"}}]}},"_links":{"self":[{"href":"https:\/\/wolfinger.at\/daemmen\/wp-json\/wp\/v2\/pages\/1343","targetHints":{"allow":["GET"]}}],"collection":[{"href":"https:\/\/wolfinger.at\/daemmen\/wp-json\/wp\/v2\/pages"}],"about":[{"href":"https:\/\/wolfinger.at\/daemmen\/wp-json\/wp\/v2\/types\/page"}],"author":[{"embeddable":true,"href":"https:\/\/wolfinger.at\/daemmen\/wp-json\/wp\/v2\/users\/5"}],"replies":[{"embeddable":true,"href":"https:\/\/wolfinger.at\/daemmen\/wp-json\/wp\/v2\/comments?post=1343"}],"version-history":[{"count":33,"href":"https:\/\/wolfinger.at\/daemmen\/wp-json\/wp\/v2\/pages\/1343\/revisions"}],"predecessor-version":[{"id":5156,"href":"https:\/\/wolfinger.at\/daemmen\/wp-json\/wp\/v2\/pages\/1343\/revisions\/5156"}],"up":[{"embeddable":true,"href":"https:\/\/wolfinger.at\/daemmen\/wp-json\/wp\/v2\/pages\/1165"}],"wp:attachment":[{"href":"https:\/\/wolfinger.at\/daemmen\/wp-json\/wp\/v2\/media?parent=1343"}],"curies":[{"name":"wp","href":"https:\/\/api.w.org\/{rel}","templated":true}]}}